{"id":18,"date":"2017-07-13T21:16:05","date_gmt":"2017-07-13T19:16:05","guid":{"rendered":"http:\/\/www.elektro-breitenbach.de\/?page_id=18"},"modified":"2024-10-29T08:35:55","modified_gmt":"2024-10-29T07:35:55","slug":"impressum","status":"publish","type":"page","link":"http:\/\/www.elektro-breitenbach.de\/index.php\/impressum\/","title":{"rendered":"Impressum"},"content":{"rendered":"<p><strong><span style=\"font-family: Verdana; font-size: small;\">B\u00fcro- und \u00d6ffnungszeiten:<\/span><\/strong><\/p>\n<pre><span style=\"font-family: Verdana; font-size: small;\"><strong>Montag:<\/strong>        09.00 Uhr- 13.00 Uhr &amp; 14.30 Uhr - 17.00 Uhr\n<strong>Dienstag:<\/strong>      09.00 Uhr- 13.00 Uhr &amp; 14.30 Uhr - 17.00 Uhr\n<strong>Mittwoch<\/strong>:      09.00 Uhr- 13.00 Uhr\n<strong>Donnerstag:<\/strong>  14.30 Uhr - 17.00 Uhr\n<strong>Freitag:<\/strong>          09.00 Uhr bis 13.00 Uhr\n<\/span><span style=\"font-family: Verdana; font-size: small;\">\nOder nach Vereinbarung\n<\/span>\n<span style=\"font-family: Verdana; font-size: small;\"><strong>Elektro Breitenbach GmbH , <\/strong><\/span><span style=\"font-family: Verdana; font-size: small;\"><strong>Taunusstr. 25-27\u00a0<\/strong>, D-<\/span><span style=\"font-size: small;\"><strong>63067 Offenbach\/M.<\/strong><\/span><\/pre>\n<p>E-Mail: <a href=\"mailto:info@elektro-breitenbach.de\">info@elektro-breitenbach.de<\/a><\/p>\n<p>Tel.: \u00a0\u00a0\u00a0 +49 (0)69 81 32 22<\/p>\n<p>Fax :\u00a0\u00a0\u00a0\u00a0+49 (0)69 81 85 74<\/p>\n<p>Gesch\u00e4ftsf\u00fchrer: Frank Breitenbach + Petra Breitenbach<\/p>\n<p>Steuernummer 03523215536<\/p>\n<p>Berufsbezeichnung: Elektroinstallateurmeister<br \/>\n(Erworben in Deutschland)<\/p>\n<p>Eingetragen im Handelsregister Offenbach\/M. HRB 8484<\/p>\n<p>Zust\u00e4ndige Aufsichtsbeh\u00f6rde :<\/p>\n<p>Handwerkskammer Rhein-Main<br \/>\nBockenheimer Landstra\u00dfe 21<br \/>\n60325 Frankfurt am Main<br \/>\n<a title=\"Handwerkskammer Rhein-Main\" href=\"http:\/\/www.hwk-rhein-main.de\/\" target=\"_blank\" rel=\"noopener\">http:\/\/www.hwk-rhein-main.de<\/a><\/p>\n<p><span style=\"font-family: Verdana;\"><span style=\"font-size: small;\"><em><strong>Anbieterkennzeichnung nach \u00a7 6 des Teledienstgesetz (TDG)<br \/>\n<\/strong><br \/>\n<\/em>Haftungsausschluss \/ Disclaimer<\/span><\/span><\/p>\n<p>Dieser Disclaimer regelt die Nutzung des Informationsangebots der\u00a0Elektro Breitenbach GmbH\u00a0im Internet durch ihre Kunden und Interessenten.<\/p>\n<p><u>Urhebernutzungsrechte<\/u><\/p>\n<p>Alle Web-Seiten der Elektro Breitenbach GmbH unterliegen dem gesetzlich gesch\u00fctzten Urheberrecht. Dies gilt f\u00fcr ihre Struktur und s\u00e4mtliche darin eigenerstellten Funktionalit\u00e4ten, Informationen, Daten, Texte, Bild- und Tonmaterialien sowie alle zur Funktionalit\u00e4t dieser Web-Seiten eingesetzten Komponenten. Der Nutzer darf die Inhalte im Rahmen der angebotenen Funktionalit\u00e4ten der Web-Seiten f\u00fcr seinen pers\u00f6nlichen Gebrauch nutzen. Im \u00dcbrigen erwirbt er keinerlei Rechte an den Inhalten.<\/p>\n<p><u>Haftung<\/u><\/p>\n<p>Die Elektro Breitenbach GmbH pr\u00fcft und aktualisiert die Informationen auf ihren Webseiten st\u00e4ndig. Eine Haftung oder Garantie f\u00fcr die Aktualit\u00e4t, Richtigkeit und Vollst\u00e4ndigkeit der zur Verf\u00fcgung gestellten Informationen kann von der Elektro Breitenbach GmbH nicht \u00fcbernommen werden. Das gilt auch f\u00fcr Links auf Webseiten, f\u00fcr deren Gestaltung die Elektro Breitenbach GmbH nicht verantwortlich zeichnet und von deren Inhalten sich die Elektro Breitenbach GmbH im Zweifelsfall ausdr\u00fccklich distanziert (lt. OLG Hamburg v. 12.05.1998).<\/p>\n<p>Die Informationen auf unseren Seiten stellen wir demnach ohne Gew\u00e4hr zusammen. Wir bem\u00fchen uns, sie auf dem neuesten Stand zu halten. Wir bieten Ihnen einen unentgeltlichen und freien Zugang zu diesen Seiten. Wir \u00fcbernehmen keine Verantwortung f\u00fcr Aktualit\u00e4t, Richtigkeit und Vollst\u00e4ndigkeit der Inhalte. Wir \u00fcbernehmen insbesondere keine Gew\u00e4hrleistung daf\u00fcr, da\u00df die Inhalte auf diesen Seiten f\u00fcr bestimmte Zwecke geeignet sind.<\/p>\n<p><span style=\"font-family: Verdana;\"><span style=\"font-size: small;\"><u>Anwendbares Recht<\/u><\/span><\/span><\/p>\n<p>Diese Bedingungen unterliegen deutschem Recht.<\/p>\n<p><u>Vorbehalt<\/u><\/p>\n<p>Die Elektro Breitenbach GmbH beh\u00e4lt sich das Recht vor, \u00c4nderungen oder Erg\u00e4nzungen des eigenen Webauftritts jederzeit vornehmen zu k\u00f6nnen.<\/p>\n<p><span style=\"font-family: Verdana;\"><span style=\"font-size: small;\"><strong>(C) 2008 Elektro Breitenbach GmbH, Offenbach am Main<\/strong><\/span><\/span><span style=\"font-family: Verdana;\"><span style=\"font-size: small;\"><strong> &#8211;\u00a0Alle Rechte vorbehalten.<\/strong><\/span><\/span><\/p>\n","protected":false},"excerpt":{"rendered":"<p>B\u00fcro- und \u00d6ffnungszeiten: Montag: 09.00 Uhr- 13.00 Uhr &amp; 14.30 Uhr &#8211; 17.00 Uhr Dienstag: 09.00 Uhr- 13.00 Uhr &amp;<\/p>\n","protected":false},"author":1,"featured_media":0,"parent":0,"menu_order":0,"comment_status":"closed","ping_status":"closed","template":"","meta":{"footnotes":""},"class_list":["post-18","page","type-page","status-publish","hentry"],"_links":{"self":[{"href":"http:\/\/www.elektro-breitenbach.de\/index.php\/wp-json\/wp\/v2\/pages\/18","targetHints":{"allow":["GET"]}}],"collection":[{"href":"http:\/\/www.elektro-breitenbach.de\/index.php\/wp-json\/wp\/v2\/pages"}],"about":[{"href":"http:\/\/www.elektro-breitenbach.de\/index.php\/wp-json\/wp\/v2\/types\/page"}],"author":[{"embeddable":true,"href":"http:\/\/www.elektro-breitenbach.de\/index.php\/wp-json\/wp\/v2\/users\/1"}],"replies":[{"embeddable":true,"href":"http:\/\/www.elektro-breitenbach.de\/index.php\/wp-json\/wp\/v2\/comments?post=18"}],"version-history":[{"count":21,"href":"http:\/\/www.elektro-breitenbach.de\/index.php\/wp-json\/wp\/v2\/pages\/18\/revisions"}],"predecessor-version":[{"id":353,"href":"http:\/\/www.elektro-breitenbach.de\/index.php\/wp-json\/wp\/v2\/pages\/18\/revisions\/353"}],"wp:attachment":[{"href":"http:\/\/www.elektro-breitenbach.de\/index.php\/wp-json\/wp\/v2\/media?parent=18"}],"curies":[{"name":"wp","href":"https:\/\/api.w.org\/{rel}","templated":true}]}}